and 800?
32
What is the highest common factor of 13468 and 26?
26
What is the highest common factor of 113 and 226?
113
What is the greatest common divisor of 3 and 71?
1
What is the greatest common divisor of 378 and 675?
27
What is the greatest common divisor of 7 and 24150?
7
Calculate the greatest common factor of 7277 and 19.
19
Calculate the highest common divisor of 6817 and 17.
17
What is the highest common divisor of 459 and 18?
9
Calculate the highest common factor of 8 and 1016.
8
What is the highest common divisor of 3614 and 417?
139
What is the highest common factor of 11 and 1067?
11
What is the highest common divisor of 209 and 132?
11
What is the highest common divisor of 38 and 14?
2
What is the highest common divisor of 8 and 61?
1
Calculate the greatest common factor of 254 and 47752.
254
Calculate the highest common factor of 2816 and 11.
11
What is the greatest common factor of 22 and 198?
22
Calculate the highest common factor of 520 and 1625.
65
Calculate the greatest common divisor of 14677 and 13.
13
Calculate the highest common divisor of 18 and 540.
18
What is the greatest common factor of 1705 and 2945?
155
What is the greatest common factor of 52 and 2015?
13
What is the highest common divisor of 3 and 246?
3
What is the highest common divisor of 1183 and 455?
91
Calculate the greatest common divisor of 75 and 475.
25
What is the greatest common divisor of 3819 and 456?
57
Calculate the highest common divisor of 1258 and 3034.
74
What is the greatest common factor of 215 and 43?
43
What is the highest common divisor of 6555 and 161?
23
What is the highest common factor of 3438 and 18?
18
What is the highest common factor of 70 and 320?
10
What is the highest common factor of 561 and 102?
51
What is the greatest common factor of 30 and 290?
10
What is the highest common divisor of 184 and 644?
92
What is the highest common factor of 5192 and 110?
22
What is the highest common divisor of 29 and 261?
29
Calculate the highest common divisor of 2666 and 496.
62
What is the highest common factor of 54 and 6?
6
Calculate the greatest common divisor of 1054 and 62.
62
Calculate the highest common divisor of 135 and 108.
27
What is the greatest common divisor of 95 and 133?
19
Calculate the highest common factor of 16 and 20.
4
Calculate the greatest common factor of 4 and 14.
2
Calculate the greatest common factor of 442 and 9503.
221
What is the greatest common divisor of 100 and 7300?
100
What is the highest common factor of 65 and 25285?
65
Calculate the highest common factor of 71 and 5609.
71
What is the highest common divisor of 80 and 60?
20
What is the highest common divisor of 27 and 27918?
27
What is the greatest common divisor of 2412 and 84?
12
Calculate the highest common divisor of 875 and 105.
35
What is the greatest common factor of 8 and 152?
8
What is the highest common factor of 95 and 76?
19
What is the greatest common divisor of 3328 and 26?
26
What is the highest common divisor of 7605 and 130?
65
What is the highest common factor of 5973 and 33?
33
Calculate the greatest common factor of 9 and 11493.
9
Calculate the greatest common factor of 6 and 117.
3
What is the greatest common factor of 4 and 68?
4
Calculate the highest common divisor of 14182 and 28.
14
Calculate the greatest common divisor of 42 and 3976.
14
Calculate the greatest common factor of 4095 and 468.
117
Calculate the greatest common divisor of 45 and 215.
5
Calculate the greatest common factor of 60 and 165.
15
What is the greatest common divisor of 47 and 10763?
47
Calculate the greatest common factor of 476 and 224.
28
Calculate the highest common factor of 790 and 160.
10
What is the highest common factor of 60 and 1030?
10
What is the highest common factor of 1512 and 900?
36
What is the highest common divisor of 10 and 15530?
10
What is the highest common divisor of 39 and 1053?
39
What is the greatest common divisor of 882 and 63?
63
What is the highest common divisor of 3424 and 535?
107
Calculate the highest common divisor of 61208 and 42.
14
What is the greatest common divisor of 176 and 16?
16
Calculate the highest common divisor of 3840 and 420.
60
What is the highest common divisor of 368 and 64?
16
What is the greatest common factor of 40 and 190?
10
Calculate the greatest common divisor of 236 and 59.
59
What is the highest common factor of 3406 and 91?
13
What is the greatest common factor of 3485 and 82?
41
Calculate the highest common factor of 16 and 2.
2
What is the highest common divisor of 13156 and 253?
253
What is the greatest common divisor of 70 and 15?
5
Calculate the highest common divisor of 57 and 475.
19
Calculate the highest common divisor of 782 and 92.
46
Calculate the greatest common factor of 20700 and 3.
3
Calculate the greatest common divisor of 61 and 1281.
61
What is the highest common divisor of 376 and 56?
8
What is the highest common divisor of 364 and 42?
14
Calculate the highest common divisor of 776 and 4753.
97
Calculate the highest common factor of 741 and 171.
57
Calculate the greatest common factor of 14 and 7322.
14
Calculate the greatest common divisor of 160 and 1980.
20
Calculate the highest common divisor of 16 and 144.
16
What is the greatest common divisor of 80 and 16?
16
Calculate the highest common divisor of 390 and 78.
78
What is the greatest common factor of 5775 and 924?
231
What is the highest common divisor of 1596 and 84?
84
What is the highest common factor of 75 and 15?
15
What is the greatest common factor of 6517 and 49?
49
Calculate the highest common factor of 75 and 2475.
75
Calculate the greatest common factor of 42 and 14.
14
Calculate the highest common factor of 119 and 34.
17
What is the greatest common divisor of 304 and 38?
38
Calculate the highest common divisor of 1221 and 1617.
33
What is the highest common factor of 2572 and 4?
4
What is the highest common factor of 324 and 6642?
162
What is the greatest common divisor of 20 and 215?
5
Calculate the highest common factor of 38 and 247.
19
Calculate the highest common factor of 270 and 1206.
18
What is the greatest common factor of 300 and 2775?
75
Calculate the greatest common divisor of 991 and 1.
1
What is the highest common factor of 48 and 256?
16
What is the greatest common factor of 2684 and 44?
44
Calculate the highest common factor of 13 and 13.
13
What is the highest common factor of 646 and 374?
34
Calculate the highest common factor of 780 and 150.
30
Calculate the greatest common factor of 21 and 621.
3
What is the greatest common divisor of 1922 and 124?
62
Calculate the greatest common divisor of 1924 and 104.
52
Calculate the highest common divisor of 238 and 14.
14
Calculate the greatest common divisor of 8 and 604.
4
Calculate the highest common factor of 522 and 29.
29
Calculate the greatest common divisor of 8 and 5788.
4
What is the greatest common divisor of 144 and 216?
72
What is the greatest common divisor of 19 and 1121?
19
What is the greatest common factor of 12708 and 54?
18
What is the highest common factor of 440 and 80?
40
What is the greatest common factor of 3563 and 7?
7
Calculate the greatest common factor of 4776 and 24.
24
What is the greatest common factor of 6399 and 81?
81
What is the highest common factor of 4131 and 85?
17
What is the highest common factor of 30448 and 88?
88
What is the greatest common factor of 156 and 312?
156
What is the highest common factor of 22 and 2?
2
What is the highest common divisor of 360 and 90?
90
Calculate the highest common factor of 819 and 117.
117
Calculate the greatest common factor of 11037 and 39.
39
What is the highest common factor of 1232 and 847?
77
Calculate the greatest common factor of 790 and 30.
10
What is the greatest common divisor of 88 and 22880?
88
Calculate the greatest common factor of 80 and 1072.
16
What is the highest common factor of 42 and 1750?
14
What is the highest common divisor of 9955 and 44?
11
Calculate the greatest common divisor of 10 and 5.
5
Calculate the greatest common divisor of 230 and 30.
10
Calculate the greatest common divisor of 6292 and 28.
4
Calculate the greatest common factor of 170 and 90.
10
What is the greatest common divisor of 78 and 39?
39
What is the highest co